89 and 450989.
77
What is the highest common factor of 4733759 and 316?
79
Calculate the highest common divisor of 309015 and 44955.
405
What is the greatest common divisor of 6963437 and 703?
37
What is the greatest common factor of 265 and 739730?
5
Calculate the highest common divisor of 2094 and 133878.
6
What is the greatest common divisor of 233030 and 245?
35
What is the highest common divisor of 237850 and 1055250?
3350
Calculate the highest common divisor of 1283224352 and 844.
844
What is the highest common divisor of 214959191 and 139?
139
What is the highest common divisor of 1650 and 44994675?
825
Calculate the highest common divisor of 2269350 and 163350.
1350
What is the greatest common divisor of 879 and 79815?
3
Calculate the highest common factor of 582216 and 1212.
12
Calculate the greatest common factor of 472 and 25137068.
236
What is the greatest common divisor of 94 and 64531282?
94
Calculate the greatest common divisor of 5905 and 2000.
5
Calculate the greatest common factor of 51486695 and 1075.
215
Calculate the greatest common factor of 398203 and 7111.
13
Calculate the greatest common factor of 235 and 7618606.
47
Calculate the highest common factor of 235 and 5531759.
47
Calculate the greatest common factor of 48 and 8890576.
16
Calculate the greatest common factor of 10612 and 114756652.
1516
What is the highest common factor of 21680 and 171001?
271
What is the greatest common divisor of 304 and 66755740?
76
What is the greatest common factor of 710137 and 1?
1
Calculate the greatest common factor of 13442 and 27397898.
1034
What is the highest common factor of 836 and 948772?
44
Calculate the highest common divisor of 5839 and 299196199.
5839
What is the highest common divisor of 594 and 312715458?
594
Calculate the highest common factor of 2854935 and 63.
9
What is the highest common divisor of 899 and 344844?
31
Calculate the highest common factor of 5602765 and 35.
35
What is the highest common factor of 5995 and 104885?
55
Calculate the highest common factor of 696 and 373224.
24
What is the greatest common divisor of 11203 and 947642?
659
Calculate the greatest common factor of 37560219 and 10245.
2049
Calculate the greatest common divisor of 21297 and 2445033.
687
What is the greatest common divisor of 9 and 31738119?
3
What is the greatest common divisor of 71550724 and 7612?
692
Calculate the greatest common divisor of 74816 and 875581.
1169
Calculate the greatest common divisor of 65903362 and 2.
2
Calculate the greatest common factor of 65 and 11184500.
5
What is the greatest common factor of 136998 and 15208902?
1062
Calculate the highest common divisor of 22923 and 933309.
27
What is the highest common factor of 1716151112 and 52?
52
Calculate the highest common factor of 416 and 35819056.
208
Calculate the highest common factor of 548221452 and 3.
3
Calculate the highest common divisor of 1920459180 and 5556.
5556
Calculate the greatest common factor of 132884004 and 99.
33
Calculate the greatest common factor of 454254615 and 27.
27
What is the highest common factor of 3412780 and 10906?
266
What is the highest common divisor of 48839532 and 13296?
3324
Calculate the greatest common divisor of 51 and 295671.
3
What is the highest common divisor of 11541489 and 36081?
633
Calculate the highest common divisor of 30990141 and 72.
9
Calculate the greatest common divisor of 119 and 31619.
7
Calculate the greatest common factor of 104 and 4092686.
26
What is the highest common divisor of 1637489466 and 261?
261
What is the highest common factor of 6465057 and 24360?
87
What is the greatest common divisor of 330 and 76388763?
33
Calculate the highest common divisor of 75775 and 49963870.
2165
Calculate the highest common factor of 454204378 and 19535.
3907
What is the greatest common factor of 161699 and 18721?
97
What is the greatest common divisor of 179263294 and 7112?
1778
What is the greatest common divisor of 10 and 23482810?
10
What is the highest common divisor of 1456 and 3768672?
16
Calculate the highest common divisor of 8 and 693022264.
8
What is the highest common factor of 16864 and 609824?
544
Calculate the greatest common factor of 40 and 44322305.
5
What is the greatest common divisor of 3408 and 169901296?
1136
What is the highest common divisor of 772085799 and 9?
9
What is the highest common divisor of 242061496 and 16?
8
Calculate the highest common factor of 75652 and 1252.
4
Calculate the greatest common divisor of 914757779 and 13.
13
What is the highest common factor of 7631 and 250003?
13
Calculate the greatest common divisor of 7659 and 18058257.
333
Calculate the greatest common factor of 236915 and 194775.
245
What is the highest common factor of 143913 and 1068?
267
Calculate the highest common divisor of 14940 and 303606945.
3735
What is the greatest common divisor of 86432 and 60384?
1184
Calculate the greatest common divisor of 1060 and 110718696.
212
Calculate the greatest common factor of 32834704 and 28.
28
What is the greatest common divisor of 127686699 and 1323?
1323
Calculate the highest common factor of 11020 and 2436681790.
5510
Calculate the greatest common factor of 181709 and 363.
11
Calculate the greatest common divisor of 42877 and 1382581.
809
Calculate the greatest common factor of 129651 and 7935.
69
Calculate the greatest common factor of 166 and 66949294.
166
Calculate the greatest common factor of 149686682 and 332.
166
Calculate the highest common factor of 55 and 1739977415.
55
Calculate the highest common factor of 43991608 and 232.
232
Calculate the greatest common divisor of 254004 and 13420.
244
What is the highest common factor of 68854 and 155618?
398
Calculate the highest common divisor of 2768212 and 12444.
68
Calculate the highest common divisor of 18 and 270411003.
9
Calculate the highest common factor of 2296 and 16670024.
56
Calculate the greatest common divisor of 9198 and 39078360.
1314
What is the greatest common divisor of 11445 and 41611731?
2289
Calculate the highest common divisor of 9910340 and 421.
421
What is the highest common divisor of 1125 and 14168700?
225
Calculate the highest common divisor of 23990 and 6940.
10
Calculate the highest common factor of 1020 and 28875690.
510
What is the highest common divisor of 2166713 and 146?
73
Calculate the highest common factor of 17109444 and 264.
132
What is the greatest common divisor of 2718609927 and 561?
561
What is the highest common factor of 120280661 and 51731?
3043
What is the greatest common divisor of 1209551 and 98?
7
Calculate the highest common factor of 9259276 and 8.
4
Calculate the highest common factor of 286217 and 19197.
79
Calculate the highest common factor of 5 and 85069815.
5
What is the greatest common factor of 63241038 and 2632?
658
Calculate the highest common divisor of 17 and 20088475.
17
What is the greatest common divisor of 40973130 and 792?
198
What is the greatest common factor of 5965 and 96513700?
5965
Calculate the highest common factor of 602327663 and 15266.
7633
Calculate the highest common divisor of 629905 and 2940349.
2377
What is the greatest common divisor of 356264376 and 4488?
408
Calculate the greatest common divisor of 79378 and 752414.
1118
Calculate the highest common factor of 421825 and 58220825.
8975
What is the greatest common factor of 583 and 409319?
53
What is the greatest common divisor of 2640 and 2401440?
240
Calculate the greatest common divisor of 498190 and 1490.
10
What is the highest common divisor of 1464 and 1496269?
61
What is the greatest common factor of 4344300 and 9270?
90
What is the highest common factor of 290 and 935600?
10
Calculate the greatest common factor of 4235241 and 21669.
699
Calculate the highest common divisor of 9 and 2212215.
3
What is the highest common divisor of 4794470 and 3760?
470
What is the highest common divisor of 1574 and 409821593?
787
Calculate the highest common divisor of 10187 and 261568.
61
Calculate the highest common divisor of 521318 and 31970.
46
Calculate the highest common factor of 107996 and 12169444.
5684
What is the greatest common factor of 44 and 39102173?
11
What is the highest common divisor of 13961 and 450800?
23
Calculate the greatest common factor of 211